{"id":41,"date":"2019-11-23T13:03:16","date_gmt":"2019-11-23T13:03:16","guid":{"rendered":"http:\/\/celiacoach.com\/index.php\/one-page-express\/"},"modified":"2023-11-22T11:05:33","modified_gmt":"2023-11-22T11:05:33","slug":"one-page-express","status":"publish","type":"page","link":"https:\/\/celiacoach.com\/","title":{"rendered":"Front Page"},"content":{"rendered":"<div  id=\"content-4\" class=\"content-right-image-section content-image-right content-relative\" style=\"background-color: #ffffff; background-image: none;\" data-label=\"Content\" data-id=\"content-image-right\" data-category=\"content\" data-ovid=\"ovid-content-4-109\">\n<div  class=\"\">\n<div  class=\"content-right-image-gridcol\">\n<div  class=\"content-right-image-textcol dynamic-color\" data-type=\"column\">\n<h2  class=\"\"><span  style=\"font-family: Ubuntu, arial, helvetica, sans-serif; color: #00ffd8;\"><span  style=\"color: rgb(0, 0, 0);\"><\/span><span  id=\"_mce_caret\" data-mce-bogus=\"1\" data-mce-type=\"format-caret\"><span  style=\"color: rgb(61, 61, 61);\">\ufeff<\/span><\/span><span  id=\"_mce_caret\" data-mce-bogus=\"1\" data-mce-type=\"format-caret\"><span  style=\"color: rgb(61, 61, 61);\">\ufeff<\/span><\/span><span  style=\"color: rgb(61, 61, 61);\"><\/span><\/span><span  id=\"_mce_caret\" data-mce-bogus=\"1\" data-mce-type=\"format-caret\"><span  style=\"font-family: Nunito, arial, helvetica, sans-serif; color: rgb(248, 35, 145); font-weight: 500;\">\ufeff<span  style=\"color: rgb(61, 61, 61);\">Benvingut<\/span><span  style=\"font-family: Ubuntu, arial, helvetica, sans-serif;\"><\/span><\/span><\/span><\/h2>\n<p  class=\"large_text\"><span  style=\"font-family: Nunito, arial, helvetica, sans-serif; color: rgb(248, 35, 145); font-weight: 400;\"><\/span><span  id=\"_mce_caret\" data-mce-bogus=\"1\" data-mce-type=\"format-caret\"><span  style=\"font-family: Ubuntu, arial, helvetica, sans-serif;\">\ufeff<\/span><\/span><br ><span  style=\"font-family: Nunito, arial, helvetica, sans-serif; color: rgb(248, 35, 145); font-weight: 400;\"><\/span><span  style=\"font-family: Ubuntu, arial, helvetica, sans-serif; color: rgb(61, 61, 61); font-weight: 400;\">Estic aqu\u00ed per ajudar-te a recuperar aquella for\u00e7a, energia i confian\u00e7a en tu mateix que un dia vas sentir en el teu interior. Segueix estant! Senzillament hem de tornar a activar-la<\/span><br ><span  style=\"font-family: Ubuntu, arial, helvetica, sans-serif; color: rgb(61, 61, 61); font-weight: 400;\">\nEm dedico a inspirar, guiar i motivar a persones valentes que decideixen aportar per ells mateixos.<\/span><br ><span  style=\"font-family: Ubuntu, arial, helvetica, sans-serif; color: rgb(61, 61, 61); font-weight: 400;\">\nQue decideixin amb coher\u00e8ncia. Que visquin amb m\u00e9s consciencia i menys superficialitat i que s\u2019atreveixin a prendre aquelles decisions que tanta por els hi fa. Que es trobin i que s\u2019estimin be. Que s\u2019atreveixin a VIURE EN MAJUSCULES.<\/span><br ><span  style=\"font-family: Ubuntu, arial, helvetica, sans-serif; color: rgb(61, 61, 61); font-weight: 400;\">\nEm de superar relacions t\u00f2xiques, treballs i projectes que no ens agraden, amistats que no ens omplen, problemes amb l\u2019alimentaci\u00f3, conflictes amb la fam\u00edlia, nits sense dormir, infelicitat, d\u2019aqu\u00ed cap all\u00e0 fugint en comptes d\u2019elegir\u2026<\/span><br ><span  style=\"font-family: Ubuntu, arial, helvetica, sans-serif; color: rgb(61, 61, 61); font-weight: 400;\"><\/span><br ><br ><span  style=\"font-family: Nunito, arial, helvetica, sans-serif; color: rgb(248, 35, 145); font-weight: 400;\"><\/span><span  id=\"_mce_caret\" data-mce-bogus=\"1\" data-mce-type=\"format-caret\"><\/span><span  id=\"_mce_caret\" data-mce-bogus=\"1\" data-mce-type=\"format-caret\">\ufeff<\/span><span  id=\"_mce_caret\" data-mce-bogus=\"1\" data-mce-type=\"format-caret\">\ufeff<\/span><\/p>\n\n<\/div>\n<div  class=\"content-right-image-imgcol\" data-type=\"column\"><img  decoding=\"async\" class=\"\" src=\"https:\/\/celiacoach.com\/wp-content\/uploads\/2021\/03\/foto_requadre-e1616510946837.jpg\" alt=\"\"><\/div>\n<\/div>\n<\/div>\n<\/div><div  data-label=\"Features\" data-id=\"features-large-icons-section\" data-category=\"features\" class=\"features-large-icons-section content-relative\" id=\"features-3\" style=\"background-color: rgb(255, 255, 255); background-image: none;\" data-ovid=\"ovid-features-3-264\"> <div  class=\"dynamic-color gridContainer\"> <div  class=\"features-large-icons-textrow\"> <div  class=\"features-large-icons-textcol\" data-type=\"column\"> <h2  class=\"\"><span  style=\"font-family: Ubuntu, arial, helvetica, sans-serif; font-weight: 500; color: rgb(0, 0, 0);\">Com afrontar el problema?<\/span><span  style=\"color: rgb(0, 0, 0); font-weight: 400;\"><\/span><\/h2>  <\/div> <\/div> <div  class=\"features-large-icons-featrow\" data-type=\"row\"> <div  class=\"features-large-icons-featcol cp3cols cp6cols-tablet\"> <div  class=\"features-icon-container-nomargin\"><i  data-cp-fa=\"true\" class=\"font-icon-features-icon-container fa fa-circle color7\"><\/i> <\/div>  <p  class=\"\"><span  style=\"font-family: Nunito, arial, helvetica, sans-serif; color: rgb(0, 0, 0); font-weight: 300;\"><\/span><br ><span  style=\"font-family: Nunito, arial, helvetica, sans-serif; color: rgb(0, 0, 0); font-weight: 300;\"><\/span><span  style=\"font-family: Ubuntu, arial, helvetica, sans-serif; color: rgb(0, 0, 0); font-weight: 400;\">T\u2019ajudar\u00e9 a superar les teves pors, bloquejos e inseguretats, agobis, creencias limitants per a que puguis avan\u00e7ar, donar passo per poder seguir amgb la teva vida sense obstacles ni limitacions. Per que en la b\u00fasqueda de la nostra felicitat no hi ha cap sostre.<\/span><br ><span  style=\"font-family: Nunito, arial, helvetica, sans-serif; color: rgb(0, 0, 0); font-weight: 400;\"><\/span><br ><span  style=\"font-family: Ubuntu, arial, helvetica, sans-serif; color: rgb(0, 0, 0); font-weight: 300;\"><\/span><\/p> <\/div> <div  class=\"features-large-icons-featcol cp3cols cp6cols-tablet\"> <div  class=\"features-icon-container-nomargin\"><i  data-cp-fa=\"true\" class=\"font-icon-features-icon-container fa fa-circle color7\"><\/i> <\/div>  <p  class=\"\"><span  style=\"font-family: Ubuntu, arial, helvetica, sans-serif; color: rgb(0, 0, 0); font-weight: 400;\">T\u2019ensenyare a activar el poder que tens dins teu i que potser tens oblidat. A que descobreixis en cada fase de la teva vida qui ets i que necessites. En que t\u2019estimis tal i com ets, en que conectis amb la teva for\u00e7a interior i decideixis desde aquest punt.<\/span><br ><span  style=\"font-family: Ubuntu, arial, helvetica, sans-serif; color: rgb(0, 0, 0);\"><\/span><br ><span  style=\"font-family: Ubuntu, arial, helvetica, sans-serif; color: rgb(0, 0, 0);\"><\/span><\/p> <\/div> <div  class=\"features-large-icons-featcol cp3cols cp6cols-tablet\"> <div  class=\"features-icon-container-nomargin\"><i  data-cp-fa=\"true\" class=\"font-icon-features-icon-container fa fa-circle color7\"><\/i> <\/div>  <p  class=\"\"><span  style=\"font-family: Ubuntu, arial, helvetica, sans-serif; color: rgb(0, 0, 0); font-weight: 400;\">Tamb\u00e9 treballo amb empreses que volen reenfocar el seu proyecte, reedirigir-lo i no s\u2019atreveixen o no saben com fer-ho.<\/span><br ><span  style=\"font-family: Ubuntu, arial, helvetica, sans-serif; color: rgb(0, 0, 0);\"><\/span><\/p> <\/div>  <div  class=\"features-large-icons-featcol cp3cols cp6cols-tablet\"> <div  class=\"features-icon-container-nomargin\"><i  data-cp-fa=\"true\" class=\"font-icon-features-icon-container fa fa-circle color7\"><\/i> <\/div>  <p  class=\"\"><span  style=\"font-family: Ubuntu, arial, helvetica, sans-serif; color: rgb(0, 0, 0); font-weight: 400;\">En els dos casos t\u2019ensenyare a decidir amb un punt de vosta a pasar a la acci\u00f3 amb claredat, seguretat e il.lusi\u00f3 per a que aprenguis a elegir PER TU MATEIX el teu cam\u00ed.<\/span><br ><span  style=\"font-family: Ubuntu, arial, helvetica, sans-serif; color: rgb(0, 0, 0);\"><\/span><\/p> <\/div><\/div> <\/div><\/div><div  data-label=\"Contact\" data-id=\"contact-section\" data-category=\"contact\" data-bg=\"transparent\" class=\"contact-section-formsection white-text contact-section\" id=\"contact-4\" style=\"background-image: url(&quot;https:\/\/celiacoach.com\/wp-content\/uploads\/2021\/04\/wallpaperbetter.com_1920x1080-e1617816136690.jpg&quot;); background-color: rgba(255, 255, 255, 0); background-size: cover; background-position: center top;\" data-ovid=\"ovid-contact-4-130\"> <div  class=\"gridContainer\"> <div  class=\"row_224\"> <div  class=\"contact-textrow\"> <div  class=\"contact-textcol dynamic-color\"> <h2 ><span  style=\"font-weight: 400;\">Algun dubte?<\/span><span  id=\"_mce_caret\" data-mce-bogus=\"1\" data-mce-type=\"format-caret\"><span  style=\"font-weight: 400;\">\ufeff<\/span><\/span><\/h2> <p  class=\"white_text\"><\/p> <\/div> <\/div> <\/div> <div  class=\"contact-formcol\" data-content-shortcode=\"one_page_express_contact_form shortcode=&quot;contact-form-7 id=&amp;amp;quot;345&amp;amp;quot; title=&amp;amp;quot;contacte&amp;amp;quot;&quot;\" data-editable=\"true\">\n<div class=\"wpcf7 no-js\" id=\"wpcf7-f345-o1\" lang=\"es-ES\" dir=\"ltr\" data-wpcf7-id=\"345\">\n<div class=\"screen-reader-response\"><p role=\"status\" aria-live=\"polite\" aria-atomic=\"true\"><\/p> <ul><\/ul><\/div>\n<form action=\"\/index.php\/wp-json\/wp\/v2\/pages\/41#wpcf7-f345-o1\" method=\"post\" class=\"wpcf7-form init\" aria-label=\"Formulario de contacto\" novalidate=\"novalidate\" data-status=\"init\">\n<fieldset class=\"hidden-fields-container\"><input type=\"hidden\" name=\"_wpcf7\" value=\"345\" \/><input type=\"hidden\" name=\"_wpcf7_version\" value=\"6.1.5\" \/><input type=\"hidden\" name=\"_wpcf7_locale\" value=\"es_ES\" \/><input type=\"hidden\" name=\"_wpcf7_unit_tag\" value=\"wpcf7-f345-o1\" \/><input type=\"hidden\" name=\"_wpcf7_container_post\" value=\"0\" \/><input type=\"hidden\" name=\"_wpcf7_posted_data_hash\" value=\"\" \/>\n<\/fieldset>\n<style type=\"text\/css\">\n .boton_personalizado{\n text-decoration: none;\n font-family: nunito;\n padding: 10px;\n font-weight: 600;\n font-size: 20px;\n color: #ffffff;\n background-color: #f82391;\n border-radius: 6px;\n border: 2px solid #f885c1;\n }\n .boton_personalizado:hover{\n color: #000000;\n background-color: #f885c1;\n }\n<\/style>\n<p style=\"color:#000000; font-family: nunito\" font-style: normal>Tots els camps amb el (*), s\u00f3n camps obligatoris\n<\/p>\n<p><label><strong><\/strong><\/label>\n<\/p>\n<p style=\"color:#000000; font-family: nunito\" font-style: normal> Nom:*\n<\/p>\n<p><span class=\"wpcf7-form-control-wrap\" data-name=\"your-name\"><input size=\"40\" maxlength=\"400\" class=\"wpcf7-form-control wpcf7-text wpcf7-validates-as-required\" aria-required=\"true\" aria-invalid=\"false\" value=\"\" type=\"text\" name=\"your-name\" \/><\/span>\n<\/p>\n<p><label><strong><\/strong><\/label>\n<\/p>\n<p style=\"color:#000000; font-family: nunito\" font-style: normal> Cognom:<br \/>\n<span class=\"wpcf7-form-control-wrap\" data-name=\"Cognom\"><input size=\"40\" maxlength=\"400\" class=\"wpcf7-form-control wpcf7-text\" aria-invalid=\"false\" value=\"\" type=\"text\" name=\"Cognom\" \/><\/span>\n<\/p>\n<p><label><strong><\/strong><\/label>\n<\/p>\n<p style=\"color:#000000; font-family: nunito\" font-style: normal>Tel\u00e8fon:*\n<\/p>\n<p><span class=\"wpcf7-form-control-wrap\" data-name=\"telfon\"><input size=\"40\" maxlength=\"400\" class=\"wpcf7-form-control wpcf7-tel wpcf7-validates-as-required wpcf7-text wpcf7-validates-as-tel\" aria-required=\"true\" aria-invalid=\"false\" value=\"\" type=\"tel\" name=\"telfon\" \/><\/span>\n<\/p>\n<p><label><strong><\/strong><\/label>\n<\/p>\n<p style=\"color:#000000; font-family: nunito\" font-style: normal> Correu electr\u00f3nic:*\n<\/p>\n<p><span class=\"wpcf7-form-control-wrap\" data-name=\"your-email\"><input size=\"40\" maxlength=\"400\" class=\"wpcf7-form-control wpcf7-email wpcf7-validates-as-required wpcf7-text wpcf7-validates-as-email\" aria-required=\"true\" aria-invalid=\"false\" value=\"\" type=\"email\" name=\"your-email\" \/><\/span>\n<\/p>\n<p><label><strong><\/strong><\/label>\n<\/p>\n<p style=\"color:#000000; font-family: nunito\" font-style: normal>Assumpte:\n<\/p>\n<p><span class=\"wpcf7-form-control-wrap\" data-name=\"your-subject\"><input size=\"40\" maxlength=\"400\" class=\"wpcf7-form-control wpcf7-text\" aria-invalid=\"false\" value=\"\" type=\"text\" name=\"your-subject\" \/><\/span>\n<\/p>\n<p><label><strong><\/strong><\/label>\n<\/p>\n<p style=\"color:#000000; font-family: nunito\" font-style: normal> El teu missatge:\n<\/p>\n<p><span class=\"wpcf7-form-control-wrap\" data-name=\"your-message\"><textarea cols=\"40\" rows=\"10\" maxlength=\"2000\" class=\"wpcf7-form-control wpcf7-textarea\" aria-invalid=\"false\" name=\"your-message\"><\/textarea><\/span>\n<\/p>\n<p><input class=\"wpcf7-form-control wpcf7-submit has-spinner boton_personalizado\" type=\"submit\" value=\"Enviar\" \/>\n<\/p><p style=\"display: none !important;\" class=\"akismet-fields-container\" data-prefix=\"_wpcf7_ak_\"><label>&#916;<textarea name=\"_wpcf7_ak_hp_textarea\" cols=\"45\" rows=\"8\" maxlength=\"100\"><\/textarea><\/label><input type=\"hidden\" id=\"ak_js_1\" name=\"_wpcf7_ak_js\" value=\"243\"\/><script>document.getElementById( \"ak_js_1\" ).setAttribute( \"value\", ( new Date() ).getTime() );<\/script><\/p><div class=\"wpcf7-response-output\" aria-hidden=\"true\"><\/div>\n<\/form>\n<\/div>\n<\/div> <\/div><\/div>","protected":false},"excerpt":{"rendered":"<p>\ufeff\ufeff\ufeffBenvingut \ufeffEstic aqu\u00ed per ajudar-te a recuperar aquella for\u00e7a, energia i confian\u00e7a en tu mateix que un dia vas sentir en el teu interior. Segueix estant! Senzillament hem de tornar a activar-la Em dedico a inspirar, guiar i motivar a persones valentes que decideixen aportar per ells mateixos. Que decideixin amb coher\u00e8ncia. Que visquin amb&hellip; <br \/> <a class=\"button small blue\" href=\"https:\/\/celiacoach.com\/index.php\/2019\/11\/01\/hello-world\/\">Leer m\u00e1s<\/a><\/p>\n","protected":false},"author":1,"featured_media":0,"parent":0,"menu_order":0,"comment_status":"closed","ping_status":"closed","template":"","meta":{"footnotes":""},"class_list":["post-41","page","type-page","status-publish","hentry"],"_links":{"self":[{"href":"https:\/\/celiacoach.com\/index.php\/wp-json\/wp\/v2\/pages\/41","targetHints":{"allow":["GET"]}}],"collection":[{"href":"https:\/\/celiacoach.com\/index.php\/wp-json\/wp\/v2\/pages"}],"about":[{"href":"https:\/\/celiacoach.com\/index.php\/wp-json\/wp\/v2\/types\/page"}],"author":[{"embeddable":true,"href":"https:\/\/celiacoach.com\/index.php\/wp-json\/wp\/v2\/users\/1"}],"replies":[{"embeddable":true,"href":"https:\/\/celiacoach.com\/index.php\/wp-json\/wp\/v2\/comments?post=41"}],"version-history":[{"count":134,"href":"https:\/\/celiacoach.com\/index.php\/wp-json\/wp\/v2\/pages\/41\/revisions"}],"predecessor-version":[{"id":733,"href":"https:\/\/celiacoach.com\/index.php\/wp-json\/wp\/v2\/pages\/41\/revisions\/733"}],"wp:attachment":[{"href":"https:\/\/celiacoach.com\/index.php\/wp-json\/wp\/v2\/media?parent=41"}],"curies":[{"name":"wp","href":"https:\/\/api.w.org\/{rel}","templated":true}]}}